 f(-17).
216
Suppose -3*w = j - 276, 0 = w - 0*j + j - 94. Suppose 4*s + 70*b - 65*b = 1104, -1120 = -4*s - b. What is the remainder when s is divided by w?
8
Let k(m) = m**3 - 4*m**2 + 5. Let f be k(4). Suppose -2*a + 89 = f*i, 2*i = -4*a + a + 29. Let p = 35 + 0. Calculate the remainder when p is divided by i.
16
Suppose 2*h - 8 = 0, -2*h - 41 + 454 = -5*c. Let q be 238/63 + (-4)/(-18) + c. Let s = q + 108. What is the remainder when s is divided by 16?
15
Let q = 64 - 36. Suppose -142 = -2*t + 4*l, -4*l + 236 = 4*t - 0*l. Let z = 118 - t. What is the remainder when z is divided by q?
27
Suppose -82*z - 153*z + 102480 = -14080. Calculate the remainder when z is divided by 493.
3
Suppose 196*q + 179*q = 344*q + 49879. Calculate the remainder when q is divided by 4.
1
Suppose -59*o + 55*o = 4*n - 936, -5*o = -10. Calculate the remainder when 294 is divided by n.
62
Let f = -866 - -896. What is the remainder when 1 - (-24)/(-15) - (-594)/15 is divided by f?
9
Let d(n) = -n**3 + 60*n**2 - 109*n - 373. What is the remainder when 721 is divided by d(58)?
28
Let j = 630 - 630. Suppose -5*p + 3 + 142 = j. What is the remainder when p is divided by 16?
13
Let z be ((-7)/5)/(1/(-5)). Suppose -23 = -2*o + z. Let h = -65 - -93. Calculate the remainder when h is divided by o.
13
Let o = -3247 + 3384. Calculate the remainder when 278 is divided by o.
4
Let v = -34321 - -34383. What is the remainder when 590 is divided by v?
32
Suppose 5*u - 14 = 6. Suppose 5*w - 11*w + 780 = 0. Let y = w + -124. What is the remainder when y is divided by u?
2
Let j(z) = -314*z + 1263. What is the remainder when 3210 is divided by j(4)?
4
Let i(j) = 135*j + 1. What is the remainder when i(1) is divided by (-1190)/(-425)*(1 - -9)?
24
Let y = 14 + -4. Let b(f) = f**2 - 3*f - 7. Let a be b(5). Suppose -5*c = 4*g - 145, -a*c + 17 = 4*g - 70. Calculate the remainder when c is divided by y.
9
Suppose 0 = 4*t + 5*s + 4637 + 230, 3*t = -2*s - 3659. Let r = -864 - t. What is the remainder when r is divided by 30?
29
Calculate the remainder when 3853 is divided by ((-290)/(-87))/((-76)/(-24) + -3).
13
Let b = -24398 + 26522. Calculate the remainder when b is divided by 21.
3
Suppose -9 = -3*u + 69. Let h = -57299 - -57384. Calculate the remainder when h is divided by u.
7
Let f(t) = t**2 + 17*t + 106. What is the remainder when f(-13) is divided by 15?
9
Let y(a) = -2*a**3 - 42*a**2 - 72*a + 80. What is the remainder when 393 is divided by y(-19)?
1
Let a = -173 - -180. Suppose 2*o + 5*l = 6, -5*l - a = 5*o - 4*o. What is the remainder when 55 is divided by o?
3
Let o(v) = 5*v**2 + 27*v + 13. Let y(r) = 28*r**2 + 80*r - 14*r**2 + 50 - 12. Let t(b) = 8*o(b) - 3*y(b). What is the remainder when 23 is divided by t(-11)?
11
Let f(g) = -260 - 8*g + 2*g + 231. Let l = 16 + -24. What is the remainder when 73 is divided by f(l)?
16
Let x(d) = 30*d**2 + 82*d + 234. What is the remainder when x(-3) is divided by 117?
24
Let t = 486 - 501. Let d be 38 + 2*(-3 + 4). Let n = d + t. Calculate the remainder when 46 is divided by n.
21
Let n = 1509 - 1493. What is the remainder when -15*(2 + -4 + -16) is divided by n?
14
Let n = -376 + 376. Suppose n = -x - 3*a + 35, 2*a - a = -3*x + 73. What is the remainder when x is divided by 5?
3
Let d be (0/(-5 + 8))/(-3). Suppose d = -7*m + 237 + 120. What is the remainder when 202 is divided by m?
49
Let z(w) = 17*w + 11. Let r be 0*(3/4 + 2/(-8)). Suppose -2*d = -4*o + 98, -o + 17 = -0*d - 2*d. What is the remainder when o is divided by z(r)?
5
Let c be (-2128)/48 - 1/(-3). Let a = -42 - c. Suppose 3*n - a*y = 16, -2*n - 2*y + 11 = -3*y. What is the remainder when 16 is divided by n?
4
Let o(k) = 256*k - 367. Calculate the remainder when o(6) is divided by 384.
17
Let i = 249 - 228. Calculate the remainder when (1 - -67)*-3*(-7)/i is divided by 24.
20
Let m = 22537 - 22489. Calculate the remainder when 896 is divided by m.
32
Let y be -6*(1 + (-16)/12). Suppose 0 = -y*s + 4, 0*s - 762 = -4*m - s. What is the remainder when m is divided by 16*(-5)/((-25)/10)?
30
Let i(b) = -1146*b**3 - 8*b - 7. What is the remainder when i(-1) is divided by 16?
11
Let s(j) = 91*j**2 + 14 - 22*j + 2 - 89*j**2. Suppose 0*a = -4*a + 44. What is the remainder when 31 is divided by s(a)?
15
Suppose -s + t - 104 = -t, 3*s - 2*t = -324. Let j = s + 202. Suppose 5 = -d, -d - j = -0*u - 3*u. Calculate the remainder when 85 is divided by u.
27
Let u(q) = 20*q - 366. What is the remainder when 180 is divided by u(23)?
86
Let z(o) = -13*o + 1. Suppose 0 = -13*k + 8*k + 4*a - 39, -5 = k + 2*a. What is the remainder when z(-3) is divided by k/(3 + (1 + 3 - 8))?
5
Suppose -17*d = -16*d + 10. Let r be 10/(-25)*(d + -1 + 1). Suppose -y = -3*y + 3*o + 14, -5*y = r*o - 12. Calculate the remainder when y is divided by 3.
1
Suppose -5*o - 2*v + 32 = 0, 2*o + v + 2*v = 4. Suppose -o*d = -344 - 536. What is the remainder when d is divided by 16?
14
Let d(u) = 26*u + 3*u**2 + 11 - u**2 - 3 - 3*u. Calculate the remainder when 49 is divided by d(-12).
9
Let n = -14866 - -15639. Calculate the remainder when n is divided by 155.
153
Suppose -240 = -6*n + 702. Let r = 169 - n. Let g(i) = i**3 - 9*i**2 + 7*i - 4. What is the remainder when g(9) is divided by r?
11
Let o be -1 - (-6)/2*-89. Let r = -257 - o. What is the remainder when 87 is divided by r?
10
Suppose r + 3*j = 77, -5*r + 348 = -j - 53. Calculate the remainder when 254 is divided by r.
14
Let w = 58 + -27. Suppose -2*a - 633 = -u, -3691*a = 4*u - 3692*a - 2588. What is the remainder when u is divided by w?
29
Suppose -15 = p - 6*p. Suppose b = -3, -b = -p*q + b + 42. Let g = 200 - 143. Calculate the remainder when g is divided by q.
9
Suppose -2*s + 23 = -9. Suppose 12*g + 5*a = 1298, -2*a + 214 = 2*g - 0*a. Calculate the remainder when g is divided by s.
13
Let z = 5516 - 5397. Calculate the remainder when z is divided by 74.
45
Suppose 14*j - 4232 - 2544 = 0. What is the remainder when j is divided by 53?
7
Calculate the remainder when (1564 - (-22 + 8))*1/2 is divided by 197.
1
Let d = 302 - 246. What is the remainder when (0/1 + 84/d)*226 is divided by 68?
67
Let o(c) = c**3 - 3*c**2 - c - 7. Let y be o(4). Suppose -5*m + 8*m = y*l - 29, -2*l + m = -12. Calculate the remainder when 17 is divided by l.
3
Calculate the remainder when 3/6 + 7/3*(-168699)/(-106) is divided by 177.
174
Let o(f) = 2*f**2 - 4*f - 3. Let n = -71 + 69. Suppose -d + 3 + 0 = 0. What is the remainder when o(n) is divided by d?
1
Suppose 107 = 3*l + 4*q, -92 + 23 = -2*l - 5*q. Let m be (-3)/6 - 957/6. Let h = m + 170. Calculate the remainder when l is divided by h.
7
Suppose -2*b - 46 = 46. Let k = -34 - b. Calculate the remainder when k is divided by (-111)/15*-1 + 8/(-20).
5
Suppose 29 = 2*l - 4*o - 11, -l = 2*o. Let x = -109 - -56. Let w = -34 - x. What is the remainder when w is divided by l?
9
Calculate the remainder when 302 + (1 - 10) + -13 is divided by 71.
67
Let b = 258 + -238. Suppose -4 = -4*i + 100. What is the remainder when i is divided by b?
6
Let t(x) = 7*x**2 + 64*x + 2346. What is the remainder when t(-26) is divided by 63?
59
Let k = -282 - -407. Let y = k - 102. What is the remainder when 5/(-15)*2*-153 is divided by y?
10
Let m be (-1 - 789) + 1 - -6. Let s = m + 1466. Calculate the remainder when s is divided by 49.
46
Suppose 5*c + 4*u = 1007 + 666, -3*c = -2*u - 995. Let w = -211 + c. What is the remainder when w is divided by 41?
40
Suppose 194*c - 123*c - 658667 = 0. Calculate the remainder when c is divided by 58.
55
Let i = -14 - -26. Let g(j) = -75*j + 23. Let r(o) = 2. Let n(w) = -g(w) - 4*r(w). Calculate the remainder when n(1) is divided by i.
8
Let k(h) = 158*h + 240. Let a(u) = 104*u + 160. Let o(m) = 7*a(m) - 5*k(m). What is the remainder when o(-5) is divided by 34?
26
Let k = -324 + 9. Let i = k + 360. What is the remainder when i is divided by 7?
3
Let l(t) = t**2 + 18*t - 44. Let z be l(-14). Calculate the remainder when ((-20)/(-4))/(0 - 4/z) is divided by 21.
20
Let j be (-4)/(-42) - (-24840)/1134. Calculate the remainder when 34 is divided by ((-121)/j)/(2/(1*-4)).
1
Suppose 7*f - 39 = -53. Calculate the remainder when 75 is divided by (18 + -19)/(f - (-39)/21).
5
Let w(f) = f**3 + 63*f**2 - 222*f - 1492. Calculate the